{"id":19,"date":"2019-12-16T06:23:39","date_gmt":"2019-12-16T06:23:39","guid":{"rendered":"https:\/\/2020.kosice.wordcamp.org\/code-of-conduct\/"},"modified":"2019-12-29T12:19:09","modified_gmt":"2019-12-29T12:19:09","slug":"kodex-spravania","status":"publish","type":"page","link":"https:\/\/kosice.wordcamp.org\/2020\/kodex-spravania\/","title":{"rendered":"K\u00f3dex spr\u00e1vania"},"content":{"rendered":"\n<h3 class=\"wp-block-heading\"><strong>1 CIE\u013d<\/strong><\/h3>\n\n\n\n<p>Na\u0161a komunita by mala by\u0165 otvoren\u00e1 naozaj pre v\u0161etk\u00fdch. Zav\u00e4zujeme sa preto poskytn\u00fa\u0165 priate\u013esk\u00e9 a pr\u00edjemn\u00e9 prostredie nez\u00e1visle od rodu, sexu\u00e1lnej orient\u00e1cie, postihnutia, n\u00e1rodnosti, n\u00e1bo\u017eenstva, preferovan\u00e9ho opera\u010dn\u00e9ho syst\u00e9mu, programovacieho jazyku \u010di textov\u00e9ho editora na\u0161ich n\u00e1v\u0161tevn\u00edkov.<\/p>\n\n\n\n<p>Tento k\u00f3dex stanovuje ist\u00e9 pravidl\u00e1 o\u010dak\u00e1van\u00e9ho spr\u00e1vania n\u00e1v\u0161tevn\u00edkov, rovnako ako n\u00e1sledky spr\u00e1vania sa, ktor\u00e9 bude proti t\u00fdmto pravidl\u00e1m.<\/p>\n\n\n\n<p>Poz\u00fdvame v\u0161etk\u00fdch dobrovo\u013en\u00edkov, predn\u00e1\u0161aj\u00facich, sponzorov, n\u00e1v\u0161tevn\u00edkov i ostatn\u00fdch z\u00fa\u010dastnen\u00fdch k tomu, aby pomohli vytvori\u0165 predpoklady pre pozit\u00edvny a bezpe\u010dn\u00fd z\u00e1\u017eitok pre v\u0161etk\u00fdch.<\/p>\n\n\n\n<h3 class=\"wp-block-heading\"><strong>2 OPEN SOURCE OB\u010cIANSTVO<\/strong><\/h3>\n\n\n\n<p>Doplnkov\u00fdm cie\u013eom tohto k\u00f3dexu je zv\u00fd\u0161i\u0165 povedomie o Open Source ob\u010dianstve povzbuden\u00edm \u00fa\u010dasn\u00edkov, aby sa neb\u00e1li vyzdvihn\u00fa\u0165 a posilni\u0165 vz\u0165ahy medzi ich pr\u00e1cou a \u0161ir\u0161ou komunitou.<\/p>\n\n\n\n<h3 class=\"wp-block-heading\"><strong>3 O\u010cAK\u00c1VAN\u00c9 SPR\u00c1VANIE<\/strong><\/h3>\n\n\n\n<ul class=\"wp-block-list\"><li>Bu\u010f oh\u013eadupln\u00fd a pristupuj k \u013eu\u010fom s \u00factou a ochotou spolupracova\u0165.<\/li><li>Bu\u010f si vedom\u00fd svojho okolia a svojich spolu\u00fa\u010dastn\u00edkov.<\/li><li>Upovedom organiz\u00e1torov konferencie, ak si v\u0161imne\u0161 nebezpe\u010dn\u00fa situ\u00e1ciu alebo niekoho v n\u00fadzi.<\/li><li>Podie\u013eaj sa na autentickej a akt\u00edvnej \u00fa\u010dasti na konferencii&nbsp;<em>WordCamp Ko\u0161ice<\/em>&nbsp;\u2013 aj ty ju pom\u00e1ha\u0161 vytv\u00e1ra\u0165.<\/li><li>V\u0161etky priestory konferencie m\u00f4\u017eu by\u0165 pr\u00edstupn\u00e9 verejnosti; ku v\u0161etk\u00fdm \u010dlenom verejnosti pristupuj s re\u0161pektom.<\/li><\/ul>\n\n\n\n<h3 class=\"wp-block-heading\"><strong>4 NEPRIJATE\u013dN\u00c9 SPR\u00c1VANIE<\/strong><\/h3>\n\n\n\n<p>Neprijate\u013en\u00e9 spr\u00e1vanie zah\u0155\u0148a: zastra\u0161ovanie, ob\u0165a\u017eovanie, hrub\u00e9, diskrimina\u010dn\u00e9, poni\u017euj\u00face alebo inak \u0161kodliv\u00e9 spr\u00e1vanie sa n\u00e1v\u0161tevn\u00edkov&nbsp;<em>WordCamp Ko\u0161ice<\/em>&nbsp;a spriazdnen\u00fdch akci\u00ed.<\/p>\n\n\n\n<p>Medzi ob\u0165a\u017eovanie patr\u00ed: ofenz\u00edvne slovn\u00e9 vyjadrenia s\u00favisiace s rodom, sexu\u00e1lnou orient\u00e1ciou, rasou, n\u00e1bo\u017eenstvom, postihnut\u00edm; nevhodn\u00e9 pou\u017eitie nahoty a\/alebo sexu\u00e1lnych obrazov vo verejn\u00fdch priestoroch (vr\u00e1tane prezent\u00e1ci\u00ed); z\u00e1mern\u00e9 zastra\u0161ovanie alebo prenasledovanie; ob\u0165a\u017euj\u00face fotografovanie alebo nahr\u00e1vanie; vytrval\u00e9 preru\u0161ovanie predn\u00e1\u0161ok, deb\u00e1t alebo in\u00fdch podujat\u00ed; nevhodn\u00fd fyzick\u00fd kontakt, nev\u00edtan\u00e9 sexu\u00e1lne nar\u00e1\u017eky a in\u00e9 prejavy pozornosti.<\/p>\n\n\n\n<h3 class=\"wp-block-heading\"><strong>5 N\u00c1SLEDKY NEPRIJATE\u013dN\u00c9HO SPR\u00c1VANIA<\/strong><\/h3>\n\n\n\n<p>Neprijate\u013en\u00e9 spr\u00e1vanie nebude tolerovan\u00e9 ostatn\u00fdmi n\u00e1v\u0161tevn\u00edkmi, organiz\u00e1tormi, zamestnancami prenajat\u00fdch priestorov, sponzormi ani in\u00fdmi priaznivcami konferencie&nbsp;<em>WordCamp Ko\u0161ice<\/em>.<\/p>\n\n\n\n<p>O\u010dak\u00e1vame, \u017ee ka\u017ed\u00fd, kto bude upozornen\u00fd aby s tak\u00fdmto spr\u00e1van\u00edm prestal, tak ukam\u017eite urob\u00ed.<\/p>\n\n\n\n<p>Ak sa za\u010dne n\u00e1v\u0161tevn\u00edk spr\u00e1va\u0165 neprijate\u013ene, organiz\u00e1tori konferencie m\u00f4\u017eu prist\u00fapi\u0165 k ak\u00fdmko\u013evek krokom ktor\u00e9 bud\u00fa pova\u017eova\u0165 za vhodn\u00e9, vr\u00e1tane vyhostenia z konferencie bez varovania alebo vr\u00e1tenia pe\u0148az\u00ed.<\/p>\n\n\n\n<h3 class=\"wp-block-heading\"><strong>6 \u010cO ROBI\u0164, KE\u010e SI SVEDKOM ALEBO OBE\u0164OU NEPRIJATE\u013dN\u00c9HO SPR\u00c1VANIA<\/strong><\/h3>\n\n\n\n<p>Ak si obe\u0165ou neprijate\u013en\u00e9ho spr\u00e1vania alebo si v\u0161imne\u0161, \u017ee je obe\u0165ou niekto in\u00fd, upovedom pros\u00edm bezodkladne organiz\u00e1tora konferencie.<\/p>\n\n\n\n<p>T\u00edm konferencie&nbsp;<em>WordCamp Ko\u0161ice<\/em>&nbsp;je k dispoz\u00edcii i na to, aby v pr\u00edpade potreby pomohol \u00fa\u010dastn\u00edkom privola\u0165 bezpe\u010dnostn\u00fa slu\u017ebu priestorov alebo pol\u00edciu, poskytol doprovod, alebo inak pomohol obetiam neprijate\u013en\u00e9ho spr\u00e1vania c\u00edti\u0165 sa bezpe\u010dne po\u010das trvania konferencie. Dobrovo\u013en\u00edci bud\u00fa ozna\u010den\u00ed. Ka\u017ed\u00fd dobrovo\u013en\u00edk \u0165a m\u00f4\u017ee spoji\u0165 s organiz\u00e1torom konferencie. Organiz\u00e1torov m\u00f4\u017ee\u0161 tie\u017e kontaktova\u0165 pri informa\u010dnom stole.<\/p>\n\n\n\n<h3 class=\"wp-block-heading\"><strong>7 ROZSAH<\/strong><\/h3>\n\n\n\n<p>O\u010dak\u00e1vame, \u017ee t\u00fdmto k\u00f3dexom spr\u00e1vania sa bud\u00fa riadi\u0165 v\u0161etci \u00fa\u010dastn\u00edci konferencie (sponzori, dobrovo\u013en\u00edci, predn\u00e1\u0161aj\u00faci, n\u00e1v\u0161tevn\u00edci a aj ostatn\u00ed hostia) vo v\u0161etk\u00fdch priestoroch konferencie aj pridru\u017een\u00fdch akci\u00ed.<\/p>\n\n\n\n<h3 class=\"wp-block-heading\"><strong>8 KONTAKTN\u00c9 \u00daDAJE<\/strong><\/h3>\n\n\n\n<p>Kontaktn\u00e9 inform\u00e1cie n\u00e1jde\u0161 na str\u00e1nke&nbsp;<a href=\"https:\/\/2017.bratislava.wordcamp.org\/kontakt\/\">Kontakt<\/a><\/p>\n\n\n\n<h3 class=\"wp-block-heading\"><strong>9 LICENCIA A AUTORSTVO<\/strong><\/h3>\n\n\n\n<p>Tento k\u00f3dex spr\u00e1vania sa je mierne upraven\u00fdm k\u00f3dexom konferencie Open Source Bridge, s doplnen\u00fdmi inform\u00e1ciami na\u0161ej konferencie. Origin\u00e1l je vydan\u00fd pod licenciou<br><a href=\"http:\/\/creativecommons.org\/licenses\/by-sa\/3.0\/\">Creative Commons Attribution-ShareAlike<\/a>&nbsp;a dostupn\u00fd na adrese<br><a href=\"http:\/\/opensourcebridge.org\/about\/code-of-conduct\/\">http:\/\/opensourcebridge.org\/about\/code-of-conduct\/<\/a><\/p>\n","protected":false},"excerpt":{"rendered":"<p>1 CIE\u013d Na\u0161a komunita by mala by\u0165 otvoren\u00e1 naozaj pre v\u0161etk\u00fdch. Zav\u00e4zujeme sa preto poskytn\u00fa\u0165 priate\u013esk\u00e9 a pr\u00edjemn\u00e9 prostredie nez\u00e1visle od rodu, sexu\u00e1lnej orient\u00e1cie, postihnutia, n\u00e1rodnosti, n\u00e1bo\u017eenstva, preferovan\u00e9ho opera\u010dn\u00e9ho syst\u00e9mu, programovacieho jazyku \u010di textov\u00e9ho editora na\u0161ich n\u00e1v\u0161tevn\u00edkov. Tento k\u00f3dex stanovuje ist\u00e9 pravidl\u00e1 o\u010dak\u00e1van\u00e9ho spr\u00e1vania n\u00e1v\u0161tevn\u00edkov, rovnako ako n\u00e1sledky spr\u00e1vania sa, ktor\u00e9 bude proti t\u00fdmto pravidl\u00e1m. [&hellip;]<\/p>\n","protected":false},"author":16039518,"featured_media":0,"parent":0,"menu_order":0,"comment_status":"closed","ping_status":"closed","template":"templates\/template-full-width.php","meta":{"jetpack_post_was_ever_published":false,"footnotes":""},"class_list":["post-19","page","type-page","status-publish","hentry"],"jetpack_sharing_enabled":true,"_links":{"self":[{"href":"https:\/\/kosice.wordcamp.org\/2020\/wp-json\/wp\/v2\/pages\/19","targetHints":{"allow":["GET"]}}],"collection":[{"href":"https:\/\/kosice.wordcamp.org\/2020\/wp-json\/wp\/v2\/pages"}],"about":[{"href":"https:\/\/kosice.wordcamp.org\/2020\/wp-json\/wp\/v2\/types\/page"}],"author":[{"embeddable":true,"href":"https:\/\/kosice.wordcamp.org\/2020\/wp-json\/wp\/v2\/users\/16039518"}],"replies":[{"embeddable":true,"href":"https:\/\/kosice.wordcamp.org\/2020\/wp-json\/wp\/v2\/comments?post=19"}],"version-history":[{"count":2,"href":"https:\/\/kosice.wordcamp.org\/2020\/wp-json\/wp\/v2\/pages\/19\/revisions"}],"predecessor-version":[{"id":217,"href":"https:\/\/kosice.wordcamp.org\/2020\/wp-json\/wp\/v2\/pages\/19\/revisions\/217"}],"wp:attachment":[{"href":"https:\/\/kosice.wordcamp.org\/2020\/wp-json\/wp\/v2\/media?parent=19"}],"curies":[{"name":"wp","href":"https:\/\/api.w.org\/{rel}","templated":true}]}}