{"id":162,"date":"2018-03-22T17:21:16","date_gmt":"2018-03-22T17:21:16","guid":{"rendered":"https:\/\/2018.kosice.wordcamp.org\/?page_id=162"},"modified":"2018-05-02T10:33:51","modified_gmt":"2018-05-02T10:33:51","slug":"home","status":"publish","type":"page","link":"https:\/\/kosice.wordcamp.org\/2018\/","title":{"rendered":"#WCKE2018"},"content":{"rendered":"<p>WordPress je celosvetovo najob\u013e\u00fabenej\u0161\u00ed redak\u010dn\u00fd n\u00e1stroj na tvorbu a spr\u00e1vu blogov a web str\u00e1nok. Neust\u00e1le sa vyv\u00edja a jeho popularita z roka na rok rastie. Pre\u010do je to tak? \u010co stoj\u00ed za jeho neust\u00e1lym v\u00fdvojom a ob\u013e\u00fabenos\u0165ou?<\/p>\n<p>WordPress sp\u00e1ja \u013eud\u00ed na celom svete &#8211; tvor\u00ed ho \u017eiv\u00e1 a zap\u00e1len\u00e1 komunita \u013eud\u00ed, nad\u0161encov a v\u00fdvoj\u00e1rov. Ka\u017ed\u00fd rok sa vo viacer\u00fdch v\u00e4\u010d\u0161\u00edch \u010di men\u0161\u00edch mest\u00e1ch organizuje ob\u013e\u00faben\u00e1 WordPress konferencia, ktor\u00e1 nesie n\u00e1zov WordCamp a dop\u013a\u0148a ju n\u00e1zov mesta v ktorom sa kon\u00e1.<\/p>\n<p>Tento rok sa na Slovensku pripoj\u00edme k \u00faspe\u0161n\u00fdm WordCamp-om v Bratislave a \u017diline, preto\u017ee u\u017e 19.m\u00e1ja 2018 sa uskuto\u010dn\u00ed historicky prv\u00fd WordCamp Ko\u0161ice! V priestoroch kni\u017enice Technickej univerzity odznej\u00fa p\u00fatav\u00e9 predn\u00e1\u0161ky a pr\u00edbehy sp\u00edkrov spojen\u00fdch s WordPress-om.<\/p>\n<p>WordCamp je neziskov\u00e1 konferencia, ktor\u00e1 sa organizuje v 65-tich krajin\u00e1ch sveta. T\u00e1to konferencia je v IT svete ve\u013emi ob\u013e\u00faben\u00e1 a \u010d\u00edsla n\u00e1v\u0161tevnosti a po\u010dtu zorganizovan\u00fdch WordCamp-ov hovoria, \u017ee aj jedn\u00fdm z najv\u00fdznamnej\u0161\u00edch podujat\u00ed v IT sektore.<\/p>\n<p>V\u010faka tejto konferencii m\u00e1\u0161 mo\u017enos\u0165 by\u0165 s\u00fa\u010das\u0165ou nie\u010doho v\u00e4\u010d\u0161ieho &#8211; nie\u010doho, \u010do ti d\u00e1va zmysel a pocit, \u017ee aj ty niekam patr\u00ed\u0161 a nie\u010do tvor\u00ed\u0161 spolo\u010dne s cel\u00fdm svetom!<\/p>\n<p>WordCamp Ko\u0161ice je teda skvelou pr\u00edle\u017eitos\u0165ou spozna\u0165 komunitu zap\u00e1len\u00fdch \u013eud\u00ed a zdie\u013ea\u0165 svoje sk\u00fasenosti s \u010fal\u0161\u00edmi WordPress nad\u0161encami. Osvoj\u00ed\u0161 si nov\u00e9 poznatky o tomto fenomen\u00e1lnom syst\u00e9me, porad\u00ed\u0161 sa o svojich probl\u00e9moch, dozvie\u0161 sa o trendoch v IT svete.<\/p>\n<p>Pozrite si <a href=\"\/kodex\/\">k\u00f3dex<\/a>, ktor\u00fdm sa bude riadi\u0165 aj n\u00e1\u0161 WordCamp.<\/p>\n<div class=\"home_buttons\">\n<div><a class=\"button_home_1\" href=\"#sponsors\">\u010eakujeme sponzorom!<\/a><\/div>\n<div><a class=\"button_home_2\" href=\"\/program\/\">Pozri si program<\/a><\/div>\n<\/div>\n","protected":false},"excerpt":{"rendered":"<p>WordPress je celosvetovo najob\u013e\u00fabenej\u0161\u00ed redak\u010dn\u00fd n\u00e1stroj na tvorbu a spr\u00e1vu blogov a web str\u00e1nok. Neust\u00e1le sa vyv\u00edja a jeho popularita z roka na rok rastie. Pre\u010do je to tak? \u010co stoj\u00ed za jeho neust\u00e1lym v\u00fdvojom a ob\u013e\u00fabenos\u0165ou? WordPress sp\u00e1ja \u013eud\u00ed na celom svete &#8211; tvor\u00ed ho \u017eiv\u00e1 a zap\u00e1len\u00e1 komunita \u013eud\u00ed, nad\u0161encov a v\u00fdvoj\u00e1rov. Ka\u017ed\u00fd &hellip; <\/p>\n<p class=\"link-more\"><a href=\"https:\/\/kosice.wordcamp.org\/2018\/\" class=\"more-link\">Pokra\u010dova\u0165 v \u010d\u00edtan\u00ed<span class=\"screen-reader-text\"> &#8222;#WCKE2018&#8220;<\/span><\/a><\/p>\n","protected":false},"author":14440938,"featured_media":0,"parent":0,"menu_order":0,"comment_status":"closed","ping_status":"closed","template":"","meta":{"jetpack_post_was_ever_published":false,"footnotes":""},"class_list":["post-162","page","type-page","status-publish","hentry"],"jetpack_sharing_enabled":true,"jetpack_shortlink":"https:\/\/wp.me\/P9tyMN-2C","_links":{"self":[{"href":"https:\/\/kosice.wordcamp.org\/2018\/wp-json\/wp\/v2\/pages\/162","targetHints":{"allow":["GET"]}}],"collection":[{"href":"https:\/\/kosice.wordcamp.org\/2018\/wp-json\/wp\/v2\/pages"}],"about":[{"href":"https:\/\/kosice.wordcamp.org\/2018\/wp-json\/wp\/v2\/types\/page"}],"author":[{"embeddable":true,"href":"https:\/\/kosice.wordcamp.org\/2018\/wp-json\/wp\/v2\/users\/14440938"}],"replies":[{"embeddable":true,"href":"https:\/\/kosice.wordcamp.org\/2018\/wp-json\/wp\/v2\/comments?post=162"}],"version-history":[{"count":24,"href":"https:\/\/kosice.wordcamp.org\/2018\/wp-json\/wp\/v2\/pages\/162\/revisions"}],"predecessor-version":[{"id":1103,"href":"https:\/\/kosice.wordcamp.org\/2018\/wp-json\/wp\/v2\/pages\/162\/revisions\/1103"}],"wp:attachment":[{"href":"https:\/\/kosice.wordcamp.org\/2018\/wp-json\/wp\/v2\/media?parent=162"}],"curies":[{"name":"wp","href":"https:\/\/api.w.org\/{rel}","templated":true}]}}